{"id":4268,"date":"2024-06-13T10:26:54","date_gmt":"2024-06-13T10:26:54","guid":{"rendered":"https:\/\/hispona.org\/manuel-perez-lorenzo\/"},"modified":"2024-06-13T10:26:55","modified_gmt":"2024-06-13T10:26:55","slug":"manuel-perez-lorenzo","status":"publish","type":"page","link":"https:\/\/hispona.org\/gl_ES\/membros\/manuel-perez-lorenzo\/","title":{"rendered":"Manuel P\u00e9rez Lorenzo"},"content":{"rendered":"<section class=\"av_textblock_section \"  itemscope=\"itemscope\" itemtype=\"https:\/\/schema.org\/CreativeWork\" ><div class='avia_textblock  '   itemprop=\"text\" ><h2>Manuel P\u00e9rez Lorenzo<\/h2>\n<h3>Membro<\/h3>\n<p><a href=\"https:\/\/hispona.org\/wp-content\/uploads\/\/Foto-Perez-Lorenzo-Manuel-207x300.jpg\"><img loading=\"lazy\" decoding=\"async\" class=\"size-medium wp-image-4264 aligncenter\" src=\"https:\/\/hispona.org\/wp-content\/uploads\/\/Foto-Perez-Lorenzo-Manuel-207x300.jpg\" alt=\"\" width=\"207\" height=\"300\" srcset=\"https:\/\/hispona.org\/wp-content\/uploads\/Foto-Perez-Lorenzo-Manuel-207x300.jpg 207w, https:\/\/hispona.org\/wp-content\/uploads\/Foto-Perez-Lorenzo-Manuel-709x1030.jpg 709w, https:\/\/hispona.org\/wp-content\/uploads\/Foto-Perez-Lorenzo-Manuel-768x1116.jpg 768w, https:\/\/hispona.org\/wp-content\/uploads\/Foto-Perez-Lorenzo-Manuel-1057x1536.jpg 1057w, https:\/\/hispona.org\/wp-content\/uploads\/Foto-Perez-Lorenzo-Manuel-1033x1500.jpg 1033w, https:\/\/hispona.org\/wp-content\/uploads\/Foto-Perez-Lorenzo-Manuel-485x705.jpg 485w, https:\/\/hispona.org\/wp-content\/uploads\/Foto-Perez-Lorenzo-Manuel.jpg 1200w\" sizes=\"auto, (max-width: 207px) 100vw, 207px\" \/><\/a><\/p>\n<p><span data-contrast=\"auto\">Manuel P\u00e9rez Lorenzo (Sada, 1987), licenciado en Historia e M\u00e1ster en Formaci\u00f3n do Profesorado pola USC, \u00e9 profesor de ensino secundario. \u00c9 coautor de volumes como <\/span><i><span data-contrast=\"auto\">Vixiados. Represi\u00f3n, investigaci\u00f3n e vixilancia na Galiza da Guerra Civil<\/span><\/i><span data-contrast=\"auto\"> (Laiovento, 2012); <\/span><i><span data-contrast=\"auto\">Meir\u00e1s. Un pazo, un caudillo, un espolio<\/span><\/i><span data-contrast=\"auto\"> (Fundaci\u00f3n Galiza Sempre, 2017); <\/span><i><span data-contrast=\"auto\">Xeraci\u00f3n perdida Coru\u00f1a 36&#8242;. Representatividade institucional e represi\u00f3n: as corporaci\u00f3ns municipais da provincia da Coru\u00f1a na II Rep\u00fablica<\/span><\/i><span data-contrast=\"auto\"> (Deputaci\u00f3n da Coru\u00f1a, 2018); <\/span><i><span data-contrast=\"auto\">Meir\u00e1s, un pazo para el Caudillo<\/span><\/i><span data-contrast=\"auto\"> (Do Cumio, 2021); ou <\/span><i><span data-contrast=\"auto\">Pasado arrincado. Lugares de memoria democr\u00e1tica en Galicia<\/span><\/i><span data-contrast=\"auto\"> (Galaxia, 2024). Coordinou volumes como <\/span><i><span data-contrast=\"auto\">Ram\u00f3n Su\u00e1rez Picallo. A voz esquecida do galleguismo<\/span><\/i><span data-contrast=\"auto\"> (2009) ou <\/span><i><span data-contrast=\"auto\">A idea na palabra. Textos e documentos recuperados de Manuel Lugr\u00eds Freire<\/span><\/i><span data-contrast=\"auto\"> (2013).<\/span><span data-ccp-props=\"{&quot;201341983&quot;:0,&quot;335551550&quot;:6,&quot;335551620&quot;:6,&quot;335559739&quot;:160,&quot;335559740&quot;:279}\">\u00a0<\/span><\/p>\n<p><span data-contrast=\"auto\">Corredactor dos informes sobre o Pazo de Meir\u00e1s e as posibilidades da s\u00faa incorporaci\u00f3n a patrimonio p\u00fablico elaborados por encarga da Deputaci\u00f3n da Coru\u00f1a e do Parlamento de Galicia, tam\u00e9n foi o redactor do informe hist\u00f3rico sobre os bens mobles do Pazo de Meir\u00e1s encargado polo Concello de Sada. Ten publicado traballos arredor da historia local de Sada, coordina <\/span><i><span data-contrast=\"auto\">Areal: Revista Cultural de Sada<\/span><\/i><span data-contrast=\"auto\"> (desde 2010) e preside a Asociaci\u00f3n Cultural Irm\u00e1ns Su\u00e1rez Picallo.<\/span><span data-ccp-props=\"{&quot;201341983&quot;:0,&quot;335551550&quot;:6,&quot;335551620&quot;:6,&quot;335559739&quot;:160,&quot;335559740&quot;:279}\">\u00a0<\/span><\/p>\n<\/div><\/section>\n","protected":false},"excerpt":{"rendered":"","protected":false},"author":5,"featured_media":0,"parent":2912,"menu_order":0,"comment_status":"closed","ping_status":"closed","template":"","meta":{"_bbp_topic_count":0,"_bbp_reply_count":0,"_bbp_total_topic_count":0,"_bbp_total_reply_count":0,"_bbp_voice_count":0,"_bbp_anonymous_reply_count":0,"_bbp_topic_count_hidden":0,"_bbp_reply_count_hidden":0,"_bbp_forum_subforum_count":0,"jetpack_post_was_ever_published":false,"footnotes":""},"class_list":["post-4268","page","type-page","status-publish","hentry"],"jetpack_shortlink":"https:\/\/wp.me\/P45vGI-16Q","jetpack_sharing_enabled":true,"_links":{"self":[{"href":"https:\/\/hispona.org\/gl_ES\/wp-json\/wp\/v2\/pages\/4268","targetHints":{"allow":["GET"]}}],"collection":[{"href":"https:\/\/hispona.org\/gl_ES\/wp-json\/wp\/v2\/pages"}],"about":[{"href":"https:\/\/hispona.org\/gl_ES\/wp-json\/wp\/v2\/types\/page"}],"author":[{"embeddable":true,"href":"https:\/\/hispona.org\/gl_ES\/wp-json\/wp\/v2\/users\/5"}],"replies":[{"embeddable":true,"href":"https:\/\/hispona.org\/gl_ES\/wp-json\/wp\/v2\/comments?post=4268"}],"version-history":[{"count":2,"href":"https:\/\/hispona.org\/gl_ES\/wp-json\/wp\/v2\/pages\/4268\/revisions"}],"predecessor-version":[{"id":4270,"href":"https:\/\/hispona.org\/gl_ES\/wp-json\/wp\/v2\/pages\/4268\/revisions\/4270"}],"up":[{"embeddable":true,"href":"https:\/\/hispona.org\/gl_ES\/wp-json\/wp\/v2\/pages\/2912"}],"wp:attachment":[{"href":"https:\/\/hispona.org\/gl_ES\/wp-json\/wp\/v2\/media?parent=4268"}],"curies":[{"name":"wp","href":"https:\/\/api.w.org\/{rel}","templated":true}]}}

Manuel Pérez Lorenzo

<section class="av_textblock_section "  itemscope="itemscope" itemtype="https://schema.org/CreativeWork" ><div class='avia_textblock  '   itemprop="text" ><h2>Manuel Pérez Lorenzo</h2>
<h3>Membro</h3>
<p><a href="https://hispona.org/wp-content/uploads//Foto-Perez-Lorenzo-Manuel-207x300.jpg"><img loading="lazy" decoding="async" class="size-medium wp-image-4264 aligncenter" src="https://hispona.org/wp-content/uploads//Foto-Perez-Lorenzo-Manuel-207x300.jpg" alt="" width="207" height="300" srcset="https://hispona.org/wp-content/uploads/Foto-Perez-Lorenzo-Manuel-207x300.jpg 207w, https://hispona.org/wp-content/uploads/Foto-Perez-Lorenzo-Manuel-709x1030.jpg 709w, https://hispona.org/wp-content/uploads/Foto-Perez-Lorenzo-Manuel-768x1116.jpg 768w, https://hispona.org/wp-content/uploads/Foto-Perez-Lorenzo-Manuel-1057x1536.jpg 1057w, https://hispona.org/wp-content/uploads/Foto-Perez-Lorenzo-Manuel-1033x1500.jpg 1033w, https://hispona.org/wp-content/uploads/Foto-Perez-Lorenzo-Manuel-485x705.jpg 485w, https://hispona.org/wp-content/uploads/Foto-Perez-Lorenzo-Manuel.jpg 1200w" sizes="auto, (max-width: 207px) 100vw, 207px" /></a></p>
<p><span data-contrast="auto">Manuel Pérez Lorenzo (Sada, 1987), licenciado en Historia e Máster en Formación do Profesorado pola USC, é profesor de ensino secundario. É coautor de volumes como </span><i><span data-contrast="auto">Vixiados. Represión, investigación e vixilancia na Galiza da Guerra Civil</span></i><span data-contrast="auto"> (Laiovento, 2012); </span><i><span data-contrast="auto">Meirás. Un pazo, un caudillo, un espolio</span></i><span data-contrast="auto"> (Fundación Galiza Sempre, 2017); </span><i><span data-contrast="auto">Xeración perdida Coruña 36&#8242;. Representatividade institucional e represión: as corporacións municipais da provincia da Coruña na II República</span></i><span data-contrast="auto"> (Deputación da Coruña, 2018); </span><i><span data-contrast="auto">Meirás, un pazo para el Caudillo</span></i><span data-contrast="auto"> (Do Cumio, 2021); ou </span><i><span data-contrast="auto">Pasado arrincado. Lugares de memoria democrática en Galicia</span></i><span data-contrast="auto"> (Galaxia, 2024). Coordinou volumes como </span><i><span data-contrast="auto">Ramón Suárez Picallo. A voz esquecida do galleguismo</span></i><span data-contrast="auto"> (2009) ou </span><i><span data-contrast="auto">A idea na palabra. Textos e documentos recuperados de Manuel Lugrís Freire</span></i><span data-contrast="auto"> (2013).</span><span data-ccp-props="{&quot;201341983&quot;:0,&quot;335551550&quot;:6,&quot;335551620&quot;:6,&quot;335559739&quot;:160,&quot;335559740&quot;:279}"> </span></p>
<p><span data-contrast="auto">Corredactor dos informes sobre o Pazo de Meirás e as posibilidades da súa incorporación a patrimonio público elaborados por encarga da Deputación da Coruña e do Parlamento de Galicia, tamén foi o redactor do informe histórico sobre os bens mobles do Pazo de Meirás encargado polo Concello de Sada. Ten publicado traballos arredor da historia local de Sada, coordina </span><i><span data-contrast="auto">Areal: Revista Cultural de Sada</span></i><span data-contrast="auto"> (desde 2010) e preside a Asociación Cultural Irmáns Suárez Picallo.</span><span data-ccp-props="{&quot;201341983&quot;:0,&quot;335551550&quot;:6,&quot;335551620&quot;:6,&quot;335559739&quot;:160,&quot;335559740&quot;:279}"> </span></p>
</div></section>
