{"id":4257,"date":"2024-06-13T10:04:52","date_gmt":"2024-06-13T10:04:52","guid":{"rendered":"https:\/\/hispona.org\/membros\/xose-carlos-veiga-garcia\/"},"modified":"2024-06-13T10:04:53","modified_gmt":"2024-06-13T10:04:53","slug":"xose-carlos-veiga-garcia","status":"publish","type":"page","link":"https:\/\/hispona.org\/gl_ES\/membros\/xose-carlos-veiga-garcia\/","title":{"rendered":"Xos\u00e9 Carlos Veiga Garc\u00eda"},"content":{"rendered":"<section class=\"av_textblock_section \"  itemscope=\"itemscope\" itemtype=\"https:\/\/schema.org\/CreativeWork\" ><div class='avia_textblock  '   itemprop=\"text\" ><h2>Xos\u00e9 Carlos Veiga Garc\u00eda<\/h2>\n<h3>Membro<\/h3>\n<p><a href=\"https:\/\/hispona.org\/wp-content\/uploads\/\/Foto-Veiga-Garcia-Xose-Carlos-300x269.jpeg\" data-mce-href=\"https:\/\/hispona.org\/wp-content\/uploads\/\/Foto-Veiga-Garcia-Xose-Carlos-300x269.jpeg\"><img loading=\"lazy\" decoding=\"async\" class=\"size-medium wp-image-4251 aligncenter\" src=\"https:\/\/hispona.org\/wp-content\/uploads\/\/Foto-Veiga-Garcia-Xose-Carlos-300x269.jpeg\" alt=\"\" width=\"300\" height=\"269\" data-mce-src=\"https:\/\/hispona.org\/wp-content\/uploads\/\/Foto-Veiga-Garcia-Xose-Carlos-300x269.jpeg\" srcset=\"https:\/\/hispona.org\/wp-content\/uploads\/Foto-Veiga-Garcia-Xose-Carlos-300x269.jpeg 300w, https:\/\/hispona.org\/wp-content\/uploads\/Foto-Veiga-Garcia-Xose-Carlos-768x690.jpeg 768w, https:\/\/hispona.org\/wp-content\/uploads\/Foto-Veiga-Garcia-Xose-Carlos-705x633.jpeg 705w, https:\/\/hispona.org\/wp-content\/uploads\/Foto-Veiga-Garcia-Xose-Carlos.jpeg 983w\" sizes=\"auto, (max-width: 300px) 100vw, 300px\" \/><\/a><br data-mce-bogus=\"1\"><\/p>\n<p><span data-contrast=\"auto\">Xos\u00e9 Carlos Veiga Garc\u00eda (Ferrol, 1997) \u00e9 investigador en formaci\u00f3n predoutoral do grupo de investigaci\u00f3n HISPONA dende 2019 cun contrato FPU. As s\u00faas li\u00f1as de investigaci\u00f3n c\u00e9ntranse nas identidades e os imaxinarios sociais, as\u00ed como nos estudos da cultura popular (videoxogos, cinema etc.), dende perspectivas historiogr\u00e1ficas e pedag\u00f3xicas. Na actualidade cursa unha tese de doutoramento arredor da utilizaci\u00f3n do pasado para lexitimar identidades e descursos en redes sociais como Twitter, dirixida por Xos\u00e9 Manoel N\u00fa\u00f1ez Seixas e Alfonso Iglesias Amor\u00edn. Disp\u00f3n de varias publicaci\u00f3ns, seminarios e comunicaci\u00f3ns a nivel nacional e internacional nestes \u00e1mbitos, destacando entre as \u00faltimas o artigo \u00abThe Imaginary Reich. Construction of the Mythology of Nazism in \u201cLa Caduta degli Dei\u201d and \u201cIl Portiere di Notte\u201d\u00bb, publicado na revista <\/span><i><span data-contrast=\"auto\">Historia Contempor\u00e1nea<\/span><\/i><span data-contrast=\"auto\"> no ano de 2024. Igualmente, participou en sucesivos proxectos financiados polo Ministerio de Ciencia e Innovaci\u00f3n, o Ministerio de Presidencia, Relaci\u00f3ns coas Cortes e Memoria Democr\u00e1tica, o Consello da Cultura Galega e a Xunta de Galicia, as\u00ed como na elaboraci\u00f3n de informes t\u00e9cnicos e peritaxes. No ano de 2022 realizou unha estad\u00eda internacional no NIOD Instituut voor Oorlogs-, Holocaust- en Genocidestudies.<\/span><span data-ccp-props=\"{&quot;201341983&quot;:0,&quot;335551550&quot;:6,&quot;335551620&quot;:6,&quot;335559739&quot;:160,&quot;335559740&quot;:279}\">&nbsp;<\/span><\/p>\n<p><span data-contrast=\"auto\"><\/span><\/p>\n<p><span class=\"TextRun SCXW261450783 BCX2\" lang=\"ES-ES\" xml:lang=\"ES-ES\" data-contrast=\"auto\">&nbsp;<\/span><\/p>\n<\/div><\/section>\n","protected":false},"excerpt":{"rendered":"","protected":false},"author":5,"featured_media":0,"parent":2912,"menu_order":0,"comment_status":"closed","ping_status":"closed","template":"","meta":{"_bbp_topic_count":0,"_bbp_reply_count":0,"_bbp_total_topic_count":0,"_bbp_total_reply_count":0,"_bbp_voice_count":0,"_bbp_anonymous_reply_count":0,"_bbp_topic_count_hidden":0,"_bbp_reply_count_hidden":0,"_bbp_forum_subforum_count":0,"jetpack_post_was_ever_published":false,"footnotes":""},"class_list":["post-4257","page","type-page","status-publish","hentry"],"jetpack_shortlink":"https:\/\/wp.me\/P45vGI-16F","jetpack_sharing_enabled":true,"_links":{"self":[{"href":"https:\/\/hispona.org\/gl_ES\/wp-json\/wp\/v2\/pages\/4257","targetHints":{"allow":["GET"]}}],"collection":[{"href":"https:\/\/hispona.org\/gl_ES\/wp-json\/wp\/v2\/pages"}],"about":[{"href":"https:\/\/hispona.org\/gl_ES\/wp-json\/wp\/v2\/types\/page"}],"author":[{"embeddable":true,"href":"https:\/\/hispona.org\/gl_ES\/wp-json\/wp\/v2\/users\/5"}],"replies":[{"embeddable":true,"href":"https:\/\/hispona.org\/gl_ES\/wp-json\/wp\/v2\/comments?post=4257"}],"version-history":[{"count":2,"href":"https:\/\/hispona.org\/gl_ES\/wp-json\/wp\/v2\/pages\/4257\/revisions"}],"predecessor-version":[{"id":4259,"href":"https:\/\/hispona.org\/gl_ES\/wp-json\/wp\/v2\/pages\/4257\/revisions\/4259"}],"up":[{"embeddable":true,"href":"https:\/\/hispona.org\/gl_ES\/wp-json\/wp\/v2\/pages\/2912"}],"wp:attachment":[{"href":"https:\/\/hispona.org\/gl_ES\/wp-json\/wp\/v2\/media?parent=4257"}],"curies":[{"name":"wp","href":"https:\/\/api.w.org\/{rel}","templated":true}]}}

Xosé Carlos Veiga García

<section class="av_textblock_section "  itemscope="itemscope" itemtype="https://schema.org/CreativeWork" ><div class='avia_textblock  '   itemprop="text" ><h2>Xosé Carlos Veiga García</h2>
<h3>Membro</h3>
<p><a href="https://hispona.org/wp-content/uploads//Foto-Veiga-Garcia-Xose-Carlos-300x269.jpeg" data-mce-href="https://hispona.org/wp-content/uploads//Foto-Veiga-Garcia-Xose-Carlos-300x269.jpeg"><img loading="lazy" decoding="async" class="size-medium wp-image-4251 aligncenter" src="https://hispona.org/wp-content/uploads//Foto-Veiga-Garcia-Xose-Carlos-300x269.jpeg" alt="" width="300" height="269" data-mce-src="https://hispona.org/wp-content/uploads//Foto-Veiga-Garcia-Xose-Carlos-300x269.jpeg" srcset="https://hispona.org/wp-content/uploads/Foto-Veiga-Garcia-Xose-Carlos-300x269.jpeg 300w, https://hispona.org/wp-content/uploads/Foto-Veiga-Garcia-Xose-Carlos-768x690.jpeg 768w, https://hispona.org/wp-content/uploads/Foto-Veiga-Garcia-Xose-Carlos-705x633.jpeg 705w, https://hispona.org/wp-content/uploads/Foto-Veiga-Garcia-Xose-Carlos.jpeg 983w" sizes="auto, (max-width: 300px) 100vw, 300px" /></a><br data-mce-bogus="1"></p>
<p><span data-contrast="auto">Xosé Carlos Veiga García (Ferrol, 1997) é investigador en formación predoutoral do grupo de investigación HISPONA dende 2019 cun contrato FPU. As súas liñas de investigación céntranse nas identidades e os imaxinarios sociais, así como nos estudos da cultura popular (videoxogos, cinema etc.), dende perspectivas historiográficas e pedagóxicas. Na actualidade cursa unha tese de doutoramento arredor da utilización do pasado para lexitimar identidades e descursos en redes sociais como Twitter, dirixida por Xosé Manoel Núñez Seixas e Alfonso Iglesias Amorín. Dispón de varias publicacións, seminarios e comunicacións a nivel nacional e internacional nestes ámbitos, destacando entre as últimas o artigo «The Imaginary Reich. Construction of the Mythology of Nazism in “La Caduta degli Dei” and “Il Portiere di Notte”», publicado na revista </span><i><span data-contrast="auto">Historia Contemporánea</span></i><span data-contrast="auto"> no ano de 2024. Igualmente, participou en sucesivos proxectos financiados polo Ministerio de Ciencia e Innovación, o Ministerio de Presidencia, Relacións coas Cortes e Memoria Democrática, o Consello da Cultura Galega e a Xunta de Galicia, así como na elaboración de informes técnicos e peritaxes. No ano de 2022 realizou unha estadía internacional no NIOD Instituut voor Oorlogs-, Holocaust- en Genocidestudies.</span><span data-ccp-props="{&quot;201341983&quot;:0,&quot;335551550&quot;:6,&quot;335551620&quot;:6,&quot;335559739&quot;:160,&quot;335559740&quot;:279}">&nbsp;</span></p>
<p><span data-contrast="auto"></span></p>
<p><span class="TextRun SCXW261450783 BCX2" lang="ES-ES" xml:lang="ES-ES" data-contrast="auto">&nbsp;</span></p>
</div></section>
